= m - 17. Calculate the highest common divisor of 15 and a.
15
Let a be (-84 + 75)/((-10)/75 - 239/(-1905)). What is the greatest common divisor of 1651 and a?
127
Suppose 161 + 631 = 8*x. Let a be ((-30)/(-50) - (-226)/(-10))*-1. What is the greatest common factor of a and x?
11
Suppose 5*b = -2*w + 4, -3*w + 2*b = 7*b - 11. Suppose 31 = w*p - 74. Let q be ((-90)/8)/(2/(-8)). Calculate the highest common divisor of p and q.
15
Suppose 11748 + 7644 = b + 3*b. Calculate the highest common divisor of 32 and b.
16
Let w = 1 + 27. Let f be 150/60 - 7/(-2). Let g be 724/26 + f/39. Calculate the greatest common factor of w and g.
28
Let d = 25 - -13. Suppose -n + 2*n = -15*n. Suppose 2*r + 3*l - 751 = n, -254 = -2*r - 4*l + 494. Calculate the highest common divisor of r and d.
38
Let j be (4 - 0)*((-90)/(-204) + 1/17). Calculate the highest common divisor of 2964 and j.
2
Let a = -4920 + 5095. Let d(k) = -11*k + 4. Let m be d(-6). What is the highest common divisor of m and a?
35
Suppose 2991*h + 120 = 2996*h. Calculate the highest common factor of 1216 and h.
8
Suppose -3*m = -2*v + 15, 0 = -2*m - 3 + 9. Let o(x) = 25*x - 221. Let j be o(v). Calculate the highest common divisor of j and 1185.
79
Suppose -17*i - 2*m = -19*i + 196, -4*i - 2*m = -416. What is the greatest common factor of i and 78?
6
Let s = 2635 - 175. Calculate the greatest common factor of s and 135.
15
Suppose g + 0*g - 14 = -i, 4*g + 97 = 5*i. Suppose 75*f - 180 = -385*f + 280. What is the greatest common divisor of i and f?
1
Let a = -133 - -130. Let s be (2 - 3) + (-37)/(a + 2). What is the highest common divisor of s and 180?
36
Let w be 41/((-246)/12)*58/(-4). Calculate the highest common factor of 34 and w.
1
Let b = -108 - -108. Suppose b*d + 3*d = -w + 420, 0 = 2*w - 2*d - 840. Calculate the highest common divisor of w and 10.
10
Let p be ((-5)/((-40)/(-444)))/((-2)/(-4)). Let z = 130 + p. What is the greatest common factor of 608 and z?
19
Let y(m) = 17*m + 230. Let a be (-60)/(-8)*(-2)/(-5)*-3. Let w be y(a). What is the highest common factor of w and 11?
11
Suppose 0 = 5*z + 2*l + l - 65, -5*l = -25. Let r = -44596 - -44598. Calculate the greatest common factor of z and r.
2
Suppose 3*c = 4*c - 1. Suppose 328*z - 275*z - 7526 = 0. Calculate the greatest common factor of c and z.
1
Suppose 0 = -3*t - 3*f + 9213, 497*t - 498*t + 3063 = 3*f. What is the greatest common divisor of 750 and t?
75
Let h = 4287 - 4283. Calculate the greatest common divisor of h and 324.
4
Let j be (5124/(-9))/1*378/(-504). What is the greatest common factor of j and 56?
7
Let p(g) = 3*g**2 - 15*g - 36. Let f be p(-12). Suppose 0 = 5*z - 2*q - 186, -z - 5*q = -13 - 8. Calculate the highest common divisor of f and z.
36
Suppose 6*a - 3*a = -15, 0 = 3*v - 3*a - 24. Let r be (20/v)/(4/(-48)). Let g = -5 - r. Calculate the greatest common divisor of g and 25.
25
Let o = -218 - -228. Let r be 320/o - 8/4. What is the greatest common divisor of r and 80?
10
Let w be 2*7/(-2)*15/(-35). Suppose 5*v - t = 36, -4*v - w*t = t - 24. Calculate the greatest common factor of v and 343.
7
Let t be 6/(-54)*3*-171. Suppose -2*j - 3*j + 312 = -v, 0 = 3*v + 6. Let x = j - t. What is the greatest common factor of 65 and x?
5
Let o(i) = -i**3 - 2*i**2 + 23*i + 15. Let t be o(-6). Suppose 0 = t*d - 246 - 69. What is the highest common factor of 6 and d?
3
Let l be (-40)/32 - (18801/(-36) - 4). What is the highest common divisor of l and 420?
105
Suppose -10*m = -19*m + 549. Let a = m - 49. What is the highest common divisor of a and 84?
12
Let w = 9651 - 7926. What is the highest common factor of w and 14145?
345
Let d = -122 + 234. Suppose 73*a - 71*a = 12. Suppose a*n - 39 - 45 = 0. Calculate the greatest common divisor of d and n.
14
Let u(v) = -18*v + 366. Let y be u(-20). Calculate the greatest common divisor of 30 and y.
6
Let i = 204 - 108. Suppose 2*l + i = g - 0*l, 4*g + 2*l - 334 = 0. Let v = -53 + g. Calculate the highest common factor of 363 and v.
33
Let o be 7/(-3) - (320/48 + -12). Let t = -77 + 163. Suppose -g - 3 = 4*l - 27, o*g - 2*l - t = 0. What is the greatest common divisor of g and 56?
28
Let i(p) = -p**2 + 17*p - 43. Let g be i(14). Let t be 198/132*(g - (-226)/6). What is the greatest common divisor of t and 5?
5
Let h be (636/(-15))/((-209)/(-30) + (23 - 30)). Calculate the greatest common factor of 24 and h.
24
Let v = 308 + -564. Let m = v - -581. What is the greatest common divisor of 25 and m?
25
Suppose 3*q + 48 = 2*k, 17*k - 16*k + 3*q - 6 = 0. Let v = k - 6. Calculate the greatest common factor of v and 372.
12
Suppose -13 = -x - 9. Suppose x*w = 2*a - 30, 0*a + 24 = -4*w + 4*a. Let m be ((-18)/3)/(2/w). Calculate the highest common divisor of 27 and m.
27
Suppose 2*i = 5*i - 159. Let h = 967 - 596. What is the greatest common divisor of i and h?
53
Let x(z) = -51*z + 7317. Let t be x(125). What is the highest common factor of t and 54?
6
Let w(d) = 4*d**2 - 5*d + 3. Let r be w(5). Suppose 0 = -11*l - 391 - 82. Let q = l + 69. What is the highest common divisor of q and r?
26
Let r be (1/(-3) - -1)*36/3. Suppose r*v = 7*v + 3. Let t be (3/(-2))/(8/(-16)). What is the highest common factor of t and v?
3
Suppose 7 = -5*y - 13. Let f be ((-30)/9)/((y/(-30))/(-2)). Suppose 0 = 6*s - s - f. Calculate the greatest common factor of s and 15.
5
Let c(b) = b**3 - 11*b**2 - 242*b - 45. Let n be c(28). Calculate the greatest common divisor of 54 and n.
27
Let d = 10 - -8. Suppose -537 = -3*k - 3*g, 2*k - 19*g = -20*g + 361. Let p = k + -170. Calculate the highest common divisor of p and d.
6
Suppose 10*q - 762 = 4*q. Let f = -95 + q. What is the highest common factor of 56 and f?
8
Suppose 4*u + 13*u - 464 = 1270. Calculate the highest common factor of u and 32.
2
Let z(l) = l**3 - 14*l**2 + 8*l - 7. Let m be z(14). Suppose 19*f = 20*f. Suppose -6*b + f*b = -252. What is the greatest common factor of b and m?
21
Let b be (2/3)/((-47)/(-9912300)*50). Calculate the highest common divisor of b and 190.
38
Let r = -537 + 572. What is the highest common divisor of 13475 and r?
35
Suppose -g - 22 = 5*l - 4, 4*g - 16 = 2*l. Suppose g*v - 30 = -26. Let d be 18/(-6)*1*-1. What is the highest common divisor of v and d?
1
Suppose 3*a + 9 = -0, 3*g - a = 195. Let s = g - 49. Calculate the greatest common factor of 30 and s.
15
Let w be (-30*1)/6 + 23. Suppose -458 = -5*c - b, 4*b = -w*c + 21*c - 284. What is the greatest common divisor of c and 23?
23
Let p = -8741 - -8817. What is the greatest common factor of p and 2546?
38
Let v = -426 - -515. Suppose -v = -7*n + 65. Calculate the greatest common divisor of 88 and n.
22
Let m(l) = -l - 19. Let h be m(-9). Let y(i) = -4*i - 9. Let a be y(h). Suppose 79 - a = 4*t. Calculate the greatest common factor of t and 204.
12
Let j(a) = 6*a**2 - 37*a + 25. Suppose -2*b + 17 = 3*g, -29 = 9*g - 12*g + 4*b. Let o be j(g). What is the highest common factor of 80 and o?
20
Suppose -3*q = -4*y - 13792, 24937 - 1935 = 5*q + y. Suppose -41*d + 31*d = -q. Calculate the highest common divisor of 10 and d.
10
Let r = 72 - 20. Suppose 2*g - 3*g = 4*m - 134, 3*m - 429 = -3*g. Let i = -94 + g. Calculate the greatest common factor of r and i.
52
Suppose g - 4 = -3*u, -3*g + 12 = 12*u - 9*u. Suppose n - 6*n = h - 12, 3*h - 6 = u. Let r = 33 - -1. What is the greatest common factor of n and r?
2
Let o be 4*(-1)/2*2. Let m = o - -20. What is the greatest common factor of 48 and m?
16
Suppose 117*u = 1480 + 926 + 636. Calculate the greatest common factor of u and 2392.
26
Let j(w) = -2*w - 178. Let h be j(-99). Calculate the greatest common divisor of 640 and h.
20
Let y be ((-88)/308)/((-2)/(-28)). Let b be 8493/152 - (y + 3)/8. Let k = 7 + 7. Calculate the highest common divisor of b and k.
14
Let f = 3 + 53. Suppose -105 = -4*k + 5*d, 2*k + d + 2*d = 47. Suppose 4*z - 37 = 5*a, -z + a + k = 2*z. What is the greatest common divisor of f and z?
8
Let p be (-1 + (-130)/40)*-28. Calculate the greatest common divisor of p and 35.
7
Let k = 7 + 105. Suppose 0 = 8*p - 27 + 59. Let y(o) = 19*o**2 + 11*o + 20. Let s be y(p). What is the highest common divisor of s and k?
56
Suppose 15*y = 665 + 820. Suppose 2*p + 99 = 11*p. Calculate the highest common divisor of p and y.
11
Let w = 13